{"id":218,"date":"2026-01-04T21:22:58","date_gmt":"2026-01-04T21:22:58","guid":{"rendered":"https:\/\/www.curso.familiapimentel.com.br\/curso\/?page_id=218"},"modified":"2026-01-08T19:27:52","modified_gmt":"2026-01-08T19:27:52","slug":"quem-somos","status":"publish","type":"page","link":"https:\/\/www.curso.familiapimentel.com.br\/curso\/quem-somos\/","title":{"rendered":"Quem Somos"},"content":{"rendered":"\t\t<div data-elementor-type=\"wp-page\" data-elementor-id=\"218\" class=\"elementor elementor-218\" data-elementor-post-type=\"page\">\n\t\t\t\t<div class=\"elementor-element elementor-element-5d108985 e-con-full e-flex e-con e-parent\" data-id=\"5d108985\" data-element_type=\"container\" data-e-type=\"container\" data-settings=\"{&quot;background_background&quot;:&quot;classic&quot;}\">\n\t\t<div class=\"elementor-element elementor-element-1aaa6c2d e-con-full e-flex e-con e-child\" data-id=\"1aaa6c2d\" data-element_type=\"container\" data-e-type=\"container\">\n\t\t\t\t<div class=\"elementor-element elementor-element-1cd0a0a8 elementor-widget elementor-widget-image\" data-id=\"1cd0a0a8\" data-element_type=\"widget\" data-e-type=\"widget\" data-widget_type=\"image.default\">\n\t\t\t\t\t\t\t\t\t\t\t\t\t\t\t<img decoding=\"async\" width=\"150\" height=\"150\" src=\"https:\/\/www.curso.familiapimentel.com.br\/curso\/wp-content\/uploads\/2026\/01\/Logo-_Zero-ao-Site_-150x150.jpeg\" class=\"attachment-thumbnail size-thumbnail wp-image-121\" alt=\"\" srcset=\"https:\/\/www.curso.familiapimentel.com.br\/curso\/wp-content\/uploads\/2026\/01\/Logo-_Zero-ao-Site_-150x150.jpeg 150w, https:\/\/www.curso.familiapimentel.com.br\/curso\/wp-content\/uploads\/2026\/01\/Logo-_Zero-ao-Site_-300x300.jpeg 300w, https:\/\/www.curso.familiapimentel.com.br\/curso\/wp-content\/uploads\/2026\/01\/Logo-_Zero-ao-Site_-1024x1024.jpeg 1024w, https:\/\/www.curso.familiapimentel.com.br\/curso\/wp-content\/uploads\/2026\/01\/Logo-_Zero-ao-Site_-768x768.jpeg 768w, https:\/\/www.curso.familiapimentel.com.br\/curso\/wp-content\/uploads\/2026\/01\/Logo-_Zero-ao-Site_-1536x1536.jpeg 1536w, https:\/\/www.curso.familiapimentel.com.br\/curso\/wp-content\/uploads\/2026\/01\/Logo-_Zero-ao-Site_.jpeg 2048w\" sizes=\"(max-width: 150px) 100vw, 150px\" \/>\t\t\t\t\t\t\t\t\t\t\t\t\t\t\t<\/div>\n\t\t\t\t<\/div>\n\t\t<div class=\"elementor-element elementor-element-70c8b417 e-con-full e-flex e-con e-child\" data-id=\"70c8b417\" data-element_type=\"container\" data-e-type=\"container\">\n\t\t\t\t<div class=\"elementor-element elementor-element-51fae28e elementor-widget-tablet__width-initial elementor-widget elementor-widget-ekit-nav-menu\" data-id=\"51fae28e\" data-element_type=\"widget\" data-e-type=\"widget\" data-widget_type=\"ekit-nav-menu.default\">\n\t\t\t\t<div class=\"elementor-widget-container\">\n\t\t\t\t\t\t\t<nav class=\"ekit-wid-con ekit_menu_responsive_mobile\"\n\t\t\tdata-hamburger-icon=\"\"\n\t\t\tdata-hamburger-icon-type=\"icon\"\n\t\t\tdata-responsive-breakpoint=\"767\">\n\t\t\t            <button class=\"elementskit-menu-hamburger elementskit-menu-toggler\"  type=\"button\" aria-label=\"hamburger-icon\">\n                                    <span class=\"elementskit-menu-hamburger-icon\"><\/span><span class=\"elementskit-menu-hamburger-icon\"><\/span><span class=\"elementskit-menu-hamburger-icon\"><\/span>\n                            <\/button>\n            <div id=\"ekit-megamenu-principal\" class=\"elementskit-menu-container elementskit-menu-offcanvas-elements elementskit-navbar-nav-default ekit-nav-menu-one-page-no ekit-nav-dropdown-hover\"><ul id=\"menu-principal\" class=\"elementskit-navbar-nav elementskit-menu-po-left submenu-click-on-icon\"><li id=\"menu-item-236\" class=\"menu-item menu-item-type-post_type menu-item-object-page menu-item-home menu-item-236 nav-item elementskit-mobile-builder-content\" data-vertical-menu=750px><a href=\"https:\/\/www.curso.familiapimentel.com.br\/curso\/\" class=\"ekit-menu-nav-link\">Home<\/a><\/li>\n<li id=\"menu-item-241\" class=\"menu-item menu-item-type-post_type menu-item-object-page menu-item-has-children menu-item-241 nav-item elementskit-dropdown-has relative_position elementskit-dropdown-menu-default_width elementskit-mobile-builder-content\" data-vertical-menu=750px><a href=\"https:\/\/www.curso.familiapimentel.com.br\/curso\/quem-somos\/\" class=\"ekit-menu-nav-link ekit-menu-dropdown-toggle\">Como Estudar<svg class=\"elementskit-submenu-indicator ekit-svg-icon icon-down-arrow1\" viewBox=\"0 0 32 32\" xmlns=\"http:\/\/www.w3.org\/2000\/svg\"><path d=\"M31.582 8.495c-0.578-0.613-1.544-0.635-2.153-0.059l-13.43 12.723-13.428-12.723c-0.61-0.578-1.574-0.553-2.153 0.059-0.579 0.611-0.553 1.576 0.058 2.155l14.477 13.715c0.293 0.277 0.67 0.418 1.047 0.418s0.756-0.14 1.048-0.418l14.477-13.715c0.611-0.579 0.637-1.544 0.058-2.155z\"><\/path><\/svg><\/a>\n<ul class=\"elementskit-dropdown elementskit-submenu-panel\">\n\t<li id=\"menu-item-238\" class=\"menu-item menu-item-type-post_type menu-item-object-page menu-item-238 nav-item elementskit-mobile-builder-content\" data-vertical-menu=750px><a href=\"https:\/\/www.curso.familiapimentel.com.br\/curso\/curiosidades\/\" class=\" dropdown-item\">Ajuda Importante<\/a><\/ul>\n<\/li>\n<li id=\"menu-item-388\" class=\"menu-item menu-item-type-custom menu-item-object-custom menu-item-has-children menu-item-388 nav-item elementskit-dropdown-has relative_position elementskit-dropdown-menu-default_width elementskit-mobile-builder-content\" data-vertical-menu=750px><a href=\"#\" class=\"ekit-menu-nav-link ekit-menu-dropdown-toggle\">Curso Completo<svg class=\"elementskit-submenu-indicator ekit-svg-icon icon-down-arrow1\" viewBox=\"0 0 32 32\" xmlns=\"http:\/\/www.w3.org\/2000\/svg\"><path d=\"M31.582 8.495c-0.578-0.613-1.544-0.635-2.153-0.059l-13.43 12.723-13.428-12.723c-0.61-0.578-1.574-0.553-2.153 0.059-0.579 0.611-0.553 1.576 0.058 2.155l14.477 13.715c0.293 0.277 0.67 0.418 1.047 0.418s0.756-0.14 1.048-0.418l14.477-13.715c0.611-0.579 0.637-1.544 0.058-2.155z\"><\/path><\/svg><\/a>\n<ul class=\"elementskit-dropdown elementskit-submenu-panel\">\n\t<li id=\"menu-item-239\" class=\"menu-item menu-item-type-post_type menu-item-object-page menu-item-239 nav-item elementskit-mobile-builder-content\" data-vertical-menu=750px><a href=\"https:\/\/www.curso.familiapimentel.com.br\/curso\/curso-modulos-0-e-1\/\" class=\" dropdown-item\">M\u00f3dulos 0 e 1<\/a>\t<li id=\"menu-item-436\" class=\"menu-item menu-item-type-post_type menu-item-object-page menu-item-436 nav-item elementskit-mobile-builder-content\" data-vertical-menu=750px><a href=\"https:\/\/www.curso.familiapimentel.com.br\/curso\/modulo-2\/\" class=\" dropdown-item\">M\u00f3dulo 2<\/a>\t<li id=\"menu-item-469\" class=\"menu-item menu-item-type-post_type menu-item-object-page menu-item-469 nav-item elementskit-mobile-builder-content\" data-vertical-menu=750px><a href=\"https:\/\/www.curso.familiapimentel.com.br\/curso\/modulo-3\/\" class=\" dropdown-item\">M\u00f3dulo 3<\/a>\t<li id=\"menu-item-499\" class=\"menu-item menu-item-type-post_type menu-item-object-page menu-item-499 nav-item elementskit-mobile-builder-content\" data-vertical-menu=750px><a href=\"https:\/\/www.curso.familiapimentel.com.br\/curso\/modulo-4\/\" class=\" dropdown-item\">M\u00f3dulo 4<\/a>\t<li id=\"menu-item-537\" class=\"menu-item menu-item-type-post_type menu-item-object-page menu-item-537 nav-item elementskit-mobile-builder-content\" data-vertical-menu=750px><a href=\"https:\/\/www.curso.familiapimentel.com.br\/curso\/modulo-5\/\" class=\" dropdown-item\">M\u00f3dulo 5<\/a>\t<li id=\"menu-item-562\" class=\"menu-item menu-item-type-post_type menu-item-object-page menu-item-562 nav-item elementskit-mobile-builder-content\" data-vertical-menu=750px><a href=\"https:\/\/www.curso.familiapimentel.com.br\/curso\/modulo-6\/\" class=\" dropdown-item\">M\u00f3dulo 6<\/a><\/ul>\n<\/li>\n<li id=\"menu-item-237\" class=\"menu-item menu-item-type-post_type menu-item-object-page menu-item-237 nav-item elementskit-mobile-builder-content\" data-vertical-menu=750px><a href=\"https:\/\/www.curso.familiapimentel.com.br\/curso\/contato\/\" class=\"ekit-menu-nav-link\">Contato<\/a><\/li>\n<\/ul><div class=\"elementskit-nav-identity-panel\"><button class=\"elementskit-menu-close elementskit-menu-toggler\" type=\"button\">X<\/button><\/div><\/div>\n\t\t\t<div class=\"elementskit-menu-overlay elementskit-menu-offcanvas-elements elementskit-menu-toggler ekit-nav-menu--overlay\"><\/div>        <\/nav>\n\t\t\t\t\t\t<\/div>\n\t\t\t\t<\/div>\n\t\t\t\t<\/div>\n\t\t\t\t<\/div>\n\t\t<div class=\"elementor-element elementor-element-2d1502e e-con-full e-flex e-con e-parent\" data-id=\"2d1502e\" data-element_type=\"container\" data-e-type=\"container\">\n\t\t\t\t<div class=\"elementor-element elementor-element-8fbf160 elementor-widget elementor-widget-heading\" data-id=\"8fbf160\" data-element_type=\"widget\" data-e-type=\"widget\" data-widget_type=\"heading.default\">\n\t\t\t\t\t<h4 class=\"elementor-heading-title elementor-size-default\">M\u00e9todo de Estudo Sugerido.<\/h4>\t\t\t\t<\/div>\n\t\t\t\t<\/div>\n\t\t<div class=\"elementor-element elementor-element-9cbeb5c e-con-full e-flex e-con e-parent\" data-id=\"9cbeb5c\" data-element_type=\"container\" data-e-type=\"container\" data-settings=\"{&quot;background_background&quot;:&quot;classic&quot;}\">\n\t\t<div class=\"elementor-element elementor-element-69114d3 e-con-full e-flex e-con e-child\" data-id=\"69114d3\" data-element_type=\"container\" data-e-type=\"container\" data-settings=\"{&quot;background_background&quot;:&quot;classic&quot;}\">\n\t\t\t\t<div class=\"elementor-element elementor-element-c1e0b12 elementor-widget elementor-widget-text-editor\" data-id=\"c1e0b12\" data-element_type=\"widget\" data-e-type=\"widget\" data-widget_type=\"text-editor.default\">\n\t\t\t\t\t\t\t\t\t<h5 style=\"text-align: center;\"><strong>Bem-vindo(a) ao curso **Do Zero ao Site no Ar**<\/strong><\/h5><p>Tudo liberado, de gra\u00e7a, para quem quiser aprender.<\/p><p>Como resolvi deixar todos os m\u00f3dulos abertos de uma vez, voc\u00ea tem liberdade total para navegar no seu ritmo.<\/p><p>N\u00e3o h\u00e1 mais \u201clibera\u00e7\u00e3o semanal\u201d nem \u201ctarefa obrigat\u00f3ria para avan\u00e7ar\u201d.<\/p><p>O curso agora \u00e9 seu: leia, assista, pratique quando e como quiser. Mas aqui vai um conselho de quem j\u00e1 viu muita gente come\u00e7ar com fogo nos olhos e parar no meio do caminho: **n\u00e3o corra**. Lembra da hist\u00f3ria da lebre e da tartaruga? A lebre saiu disparada, cheia de confian\u00e7a, e achou que chegaria primeiro sem esfor\u00e7o. A tartaruga, devagar, passo a passo, sem parar, chegou ao final \u2014 e venceu.<\/p><p>No curso \u00e9 a mesma coisa. Se voc\u00ea tentar fazer tudo de uma vez, pular m\u00f3dulos, fazer \u201cs\u00f3 o principal\u201d, pode acabar confuso, frustrado e desistindo.<\/p><p>A pressa engana: parece que estamos avan\u00e7ando muito, mas na verdade estamos construindo um castelo de areia. A verdadeira magia acontece quando voc\u00ea vai com calma: &#8211; Assista um m\u00f3dulo por vez &#8211; Fa\u00e7a os exerc\u00edcios propostos (mesmo que simples) &#8211; Crie o sitezinho do m\u00f3dulo na pr\u00e1tica (nem que seja s\u00f3 uma p\u00e1gina) &#8211; Responda o question\u00e1rio no final (pode mandar para mim no WhatsApp ou s\u00f3 anotar para si mesmo) &#8211; S\u00f3 passe para o pr\u00f3ximo quando sentir que \u201cpegou\u201d o anterior.<\/p><p>N\u00e3o \u00e9 sobre terminar r\u00e1pido. \u00c9 sobre terminar **bem**. \u00c9 sobre sair daqui com um site de verdade no ar, com orgulho no peito e confian\u00e7a para continuar sozinho depois.<\/p><p>Eu estarei aqui acompanhando quem quiser: basta me enviar os question\u00e1rios respondidos (mesmo que n\u00e3o acerte tudo) ou mandar d\u00favida, print, link do seu site\u2026 o que for.<\/p><p>N\u00e3o vou cobrar prazo, mas vou responder com o mesmo carinho de sempre.<\/p><p>Ent\u00e3o respire fundo. Pegue um caf\u00e9 (ou um chazinho). Comece pelo M\u00f3dulo 0.<\/p><p>V\u00e1 devagar, mas v\u00e1 firme. Porque, como a tartaruga nos ensina: n\u00e3o \u00e9 o mais r\u00e1pido que chega primeiro\u2026 \u00e9 o que n\u00e3o para.<\/p><p>Com gratid\u00e3o por voc\u00ea estar aqui, e torcendo muito pela sua vit\u00f3ria (que eu sei que vem), Luiz Pimentel (seu parceiro nessa caminhada) \u2764\ufe0f\ud83d\ude80<\/p>\t\t\t\t\t\t\t\t<\/div>\n\t\t\t\t<\/div>\n\t\t\t\t<\/div>\n\t\t\t\t<\/div>\n\t\t","protected":false},"excerpt":{"rendered":"<p>Home Como Estudar Curiosidades Curso Completo M\u00f3dulos 0 e 1 M\u00f3dulo 2 M\u00f3dulo 3 M\u00f3dulo 4 M\u00f3dulo 5 M\u00f3dulo 6 Contato X M\u00e9todo de Estudo Sugerido. Bem-vindo(a) ao curso **Do Zero ao Site no Ar** Tudo liberado, de gra\u00e7a, para quem quiser aprender. Como resolvi deixar todos os m\u00f3dulos abertos de uma vez, voc\u00ea tem [&hellip;]<\/p>\n","protected":false},"author":1,"featured_media":0,"parent":0,"menu_order":0,"comment_status":"closed","ping_status":"closed","template":"elementor_canvas","meta":{"footnotes":""},"class_list":["post-218","page","type-page","status-publish","hentry"],"_links":{"self":[{"href":"https:\/\/www.curso.familiapimentel.com.br\/curso\/wp-json\/wp\/v2\/pages\/218","targetHints":{"allow":["GET"]}}],"collection":[{"href":"https:\/\/www.curso.familiapimentel.com.br\/curso\/wp-json\/wp\/v2\/pages"}],"about":[{"href":"https:\/\/www.curso.familiapimentel.com.br\/curso\/wp-json\/wp\/v2\/types\/page"}],"author":[{"embeddable":true,"href":"https:\/\/www.curso.familiapimentel.com.br\/curso\/wp-json\/wp\/v2\/users\/1"}],"replies":[{"embeddable":true,"href":"https:\/\/www.curso.familiapimentel.com.br\/curso\/wp-json\/wp\/v2\/comments?post=218"}],"version-history":[{"count":46,"href":"https:\/\/www.curso.familiapimentel.com.br\/curso\/wp-json\/wp\/v2\/pages\/218\/revisions"}],"predecessor-version":[{"id":629,"href":"https:\/\/www.curso.familiapimentel.com.br\/curso\/wp-json\/wp\/v2\/pages\/218\/revisions\/629"}],"wp:attachment":[{"href":"https:\/\/www.curso.familiapimentel.com.br\/curso\/wp-json\/wp\/v2\/media?parent=218"}],"curies":[{"name":"wp","href":"https:\/\/api.w.org\/{rel}","templated":true}]}}